et v be 1/(-5) + k/(-35). Let n(g) = 1 - 2*g**2 + 3*g**v + 2*g - 4. Give n(-4).
5
Let k(x) = 5 + 2 + x - 2. Let m be k(0). Let i(c) = -c - 8 - 4*c - c**2 + 8*c + m*c. What is i(6)?
4
Suppose -4*t = 2*y - 22, 5*t = 5*y - 4*y + 24. Let k(q) = -6*q**2 - 2*q + 1. Determine k(y).
-7
Let f(c) be the first derivative of -c**4/4 - c**3 + 2*c**2 - c + 1. Let n = -440 + 437. Give f(n).
-13
Let s(u) = -u**2 + u - 7. Suppose -15 = 37*n + 207. Give s(n).
-49
Let j(w) = -w**3 + 5*w**2 + 8*w - 4. Suppose 2*y - y + 3*b = 12, y - 4 = b. Determine j(y).
8
Let j(l) = -l + 9. Suppose 3*k - 1 = 5, -2*r + 20 = 5*k. What is j(r)?
4
Let i(m) be the first derivative of -7*m**2/2 - 10*m + 13. Let n be i(-1). Let q(f) = 2*f**2 + 2*f - 4. Determine q(n).
8
Let h(g) = 9*g**3 - g**2 + g - 1. Suppose -2*u - 1 = -19. Suppose -4 = 5*y - u. Calculate h(y).
8
Let r(x) = x. Let h(j) = 2*j - 25. Let q(k) = -h(k) + 4*r(k). Let y(o) = 3*o + 38. Let v(g) = -7*q(g) + 5*y(g). What is v(-8)?
7
Let k(v) be the first derivative of -8 + 1/2*v**2 + 2*v. Calculate k(2).
4
Let h(i) = 6*i - i**3 + 122 - 5*i**2 - 128 + 2*i**2. What is h(-5)?
14
Let p(n) = -n**2 + 15*n - 20. Suppose -397 - 552 = -73*q. Give p(q).
6
Let c(j) = 6*j**3 + 4*j**2 + 2*j - 3. Let p(u) = -5*u**3 - 4*u**2 - 2*u + 2. Suppose -3*s + 11 = -y - 4, s = -y - 3. Let w(k) = y*c(k) - 7*p(k). Determine w(4).
12
Let s(i) = i**3 - 7*i**2 + i. Let p(n) = 18*n + 61. Let r be p(-3). What is s(r)?
7
Suppose -4*i + 104 = -2*z, -z = i + z - 36. Let m = 23 - i. Let p(c) = -c**2 - 5*c + 1. Give p(m).
1
Let u(i) = -28 - 2 - 4*i - 6*i**2 - 19 - 2*i. Let z(v) = -v**2 - v - 10. Let l(a) = -2*u(a) + 11*z(a). What is l(0)?
-12
Suppose -3*w - 24 = -2*k, w = k - 4*k + 14. Let n(t) = 9*t**2 + 0*t**2 + 7*t + k - 8*t**2. What is n(-6)?
0
Let u be 174/(-45) - (2 + 112/(-60)). Let p(s) = -2*s**2 + 3*s + 5. Determine p(u).
-39
Let b(h) = 6*h**3 + h**2 - 2*h. Let a(f) = -7*f - 27. Let z be a(-4). Determine b(z).
5
Let t(w) = 13*w - 3170*w**2 - 5 + 6 + 3168*w**2. Calculate t(9).
-44
Let v(x) = -2*x + 3. Let u(h) = -h**3 - 5*h**2 + 5*h - 3. Let d be u(-6). Suppose -d*b = -b - 4. Determine v(b).
-1
Let b(h) = 45*h - 38*h + 0*h**3 - 6 + 19*h**2 - 16*h**2 - h**3. Let i(x) = 2*x - 8. Let z be i(6). Give b(z).
6
Let r be ((-2)/30*-6)/(1/140). Suppose -14*a = -r + 14. Let k(d) = d**2 + d - 3. Give k(a).
9
Suppose 30*w - 32*w - 8 = 0. Let x(k) = k**3 + 3*k**2 - 4*k + 4. Calculate x(w).
4
Suppose 46*m + 6 = 40*m. Let u(w) = -7*w**3 + w. Calculate u(m).
6
Let p(d) be the third derivative of -d**5/60 + d**4/8 + 5*d**3/6 + d**2. Let f(n) = -n + 4. Let w be f(0). Let r be p(w). Let c(l) = 4*l - 1. Give c(r).
3
Let h(d) = -2*d**2 - 21*d - 10. Let b be ((-2)/3)/(1494/135 - 11). What is h(b)?
0
Let b(t) be the second derivative of -t**8/6720 + t**7/420 + t**6/120 + t**5/20 + t**4 - 3*t. Let x(o) be the third derivative of b(o). What is x(7)?
-1
Let b be 5 + (-2 - 3) - -14. Let u(a) = 4 - b + 6 + a + 1. Calculate u(5).
2
Let j(q) = -q**2 - 10*q + 8. Suppose -3*i = 9, -i - 3*i + 28 = -4*c. Determine j(c).
8
Let b(x) = -x + 3. Let d = 7 + 10. Let w = -15 + d. Suppose w*h + 4*a - 2 + 0 = 0, -5*a - 35 = -5*h. Calculate b(h).
-2
Suppose 3*y - 5 + 6 = -4*s, -4*s + 17 = -3*y. Let p(z) = -z - 1. Let r(c) = -c**2 - 2. Let o(i) = 2*p(i) - r(i). Calculate o(s).
0
Let i(p) = 17*p - 158. Let t be i(9). Let h(j) be the first derivative of -j**3/3 - 2*j**2 - 7*j - 1. Calculate h(t).
-12
Let m(d) = -47 - 2*d**2 + d - 3*d**2 + 48. Give m(-2).
-21
Let c(a) = -a**3 + a**2 - 28. Let i be -152 + 141 + 12 + -1. Determine c(i).
-28
Let x(m) = 740*m**2 + 4*m - 3 - 739*m**2 - 8*m. Give x(-2).
9
Suppose -2*t = 0, 5*m - 25 = 3*t - 0*t. Suppose -8 = v - 3*v, -4*c + m*v = 0. Let o(y) = y**2 - 6*y. Give o(c).
-5
Let o(s) = 206*s**2 + s**3 - 1 + 209*s**2 - 411*s**2. Determine o(-6).
-73
Let j = 1 + 7. Let r = -3 + j. Let f(a) = -a**2 + 8*a + 4. What is f(r)?
19
Let h(i) = i**3 + 5*i**2 + 2*i - 2. Let t(o) = 6*o**2 + 3*o - 2. Let v(x) = 3*h(x) - 2*t(x). Let g = 13 - 11. Suppose -2*l = g + 2. Calculate v(l).
-14
Let c(z) = -3*z + 31. Let t be 6 + (84/3)/4. What is c(t)?
-8
Let u(j) = 19*j. Let s be u(0). Let f(n) be the third derivative of 4*n**2 + s + 0*n - 1/3*n**4 + 1/3*n**3 + 1/60*n**5. What is f(7)?
-5
Let f(k) = k**3 + 6*k**2 + 5*k + 1. Suppose -2*i + 1 + 27 = 0. Suppose 16*g - i*g = -8. Give f(g).
13
Let d(r) = -41*r + 3. Let o be d(-2). Suppose -5*g + 35 = -o. Suppose 0 = 5*j - j + g. Let h(m) = m**3 + 7*m**2 + 6*m + 4. Give h(j).
4
Let t(z) = -z - 2. Let x be 1/(-2 - (-27)/12). Suppose x*n + 5*v + 9 = 0, 6*v - v = -n - 21. Suppose o = -n*o - 25. Calculate t(o).
3
Let r(o) = -o**2 + 94*o - 175*o + 95*o - 16. Give r(11).
17
Let o(r) be the third derivative of -r**6/120 + r**5/15 + 7*r**4/24 - 2*r**3/3 + 10*r**2 - 5*r. What is o(5)?
6
Let t(o) = -3*o - 2. Suppose 7*n - 4*n - 9 = 0. Let d be ((-18)/(-8))/(n/8). Let l be 9/((-36)/(-16)) - d. Determine t(l).
4
Let x be (-2)/8 + 50/8. Let d(p) = 3*p**2 + 22*p - 5. Let t(u) = u**2 + 4*u + 1. Let c(l) = d(l) - 4*t(l). What is c(x)?
-9
Let o(p) = -5*p**3 - 17*p**2 - 9. Let h(b) be the first derivative of -b**4/4 - 4*b**3/3 - 2*b - 16. Let q(n) = 9*h(n) - 2*o(n). Give q(2).
0
Let u = 29 - 22. Suppose 4*h = 5*h + u. Let r(l) = -l**2 - 7*l - 7. Determine r(h).
-7
Let i(m) be the first derivative of -m**3/3 + 23*m**2/2 + 24*m - 222. Calculate i(24).
0
Let f be 14*5/(-20)*-2. Let b(u) = -2*u**2 + 16*u - 8. Let m be b(f). Let c(w) = w**3 - 6*w**2 - 5. Determine c(m).
-5
Let a(h) = 0 + 0*h - 3 + h - h**2 + h. Let q be 0/(1 - -2) - -2. Calculate a(q).
-3
Let p(h) = 5 + 1144340*h + 2*h**2 - 3*h**2 - 1144343*h. Let u be 6*3/(-2) + 2. Give p(u).
-23
Let o(v) = -2*v**3 - v**2 + v. Let c(p) = -9*p**3 + p**2 + 9*p - 7. Let u(l) = -c(l) + 5*o(l). Determine u(-5).
2
Let o(f) = 2*f - 20. Let d(i) = i - 10. Let k(m) = 5*d(m) - 3*o(m). What is k(7)?
3
Let r(p) be the second derivative of p**4/12 + p**3/2 - 6*p**2 + 7*p + 20. Give r(-6).
6
Let b(i) = -i**2 - 7*i - 8. Suppose -8*t = t - 54. Suppose -5*x - t = 29. Calculate b(x).
-8
Let d(r) = -r**3 + 5*r**2 + 6*r + 2. Let c = 17 - 11. Let f be (-7)/(c/(-3) - -1). Let p = -1 + f. Give d(p).
2
Let j(t) = t + 3 + 0*t - 5. Let o be j(3). Let h(q) = -17*q**3 + q**2 + 3. Let s(w) = -w**3 + 1. Let x(m) = h(m) - 3*s(m). What is x(o)?
-13
Let b be (1/(-2))/((-8)/48). Suppose -2*j - 23 = b*j - 2*s, -3*j + 4*s = 11. Let n(d) = -d - 5. Give n(j).
0
Suppose -8*x = 53 + 27. Let w(t) = -2*t - 12. Determine w(x).
8
Suppose 6*v = 3*v - 9. Let l(u) = -15*u - 1. Let q(k) = -8*k. Let a(x) = -3*l(x) + 5*q(x). What is a(v)?
-12
Let c = -349 - -349. Let d(f) = f**3 - f**2 - f + 16. Calculate d(c).
16
Let a(b) = -4*b + 41. Let l be a(10). Let m(w) = 2. Let x(p) = p**2 + 3*p + 7. Let s(g) = l*x(g) - 5*m(g). Calculate s(-6).
15
Let c(u) = u**3 - 5*u**2 + 5*u - 4. Suppose 0 = -17*x - 2050 + 2118. Give c(x).
0
Let w(b) = -16*b + 5*b**2 + 6*b - 2*b**2 + 11*b. Determine w(3).
30
Let g(j) = j + 22. Let t be 3 + -6 + -11 - 5. Calculate g(t).
3
Suppose 3*g = 5*c - 21, -g - 2 = -c + 1. Let q(d) = -2 + 0 + 0 - c*d + 5*d. Determine q(4).
-6
Let w be ((-2)/6)/(3/(-9)). Let b be (w*5)/(2/(-4)). Let a be b/(-40) + (-6)/(-8). Let n(f) = -3*f - 1. Calculate n(a).
-4
Let h(j) = -7*j**2 + 3*j + 3. Let w(o) = 8*o**2 - 2*o - 2. Let z(b) = -7*h(b) - 6*w(b). Determine z(9).
-9
Let h(d) = 7*d**2 - d - 10. Let c(k) = -15*k**2 + k + 21. Let q(b) = 6*c(b) + 13*h(b). Determine q(10).
26
Let a(b) = b**2 + 5*b. Let q = -21 - -5. Let y = q + 18. Suppose 6*w = y*w - 20. Calculate a(w).
0
Let j(q) = q**3 - 10*q**2 + 7*q + 8. Suppose -127 = 2*d - 7*d + 2*t, -t = 2*d - 58. Suppose 7*h - 3*v - d = 3*h, 3*h + v = 30. Calculate j(h).
-10
Let z(v) be the second derivative of v**5/120 - v**4/24 + 9*v**3/2 - 43*v. Let c(a) be the second derivative of z(a). Calculate c(5).
4
Let x(d) = d**3 - 6*d**2 + 4*d - 3. Suppose s = -2*s + 6. Let a = 3 + s. Determine x(a).
-8
Let l = -4 - -3. Let f(t) = t + 1. Let o be f(l). Suppose -4*w + 2*n = o, 2*w + 2*w = -n. Let h(x) = x - 7. Give h(w).
-7
Let b = 42 - 41. Suppose -l - 5*w = b, 0*w + 2 = -l - 4*w. Let j(i) = -i**2 - 4*i + 8. Give j(l).
-4
Let g(p) be the third derivative of p**5/30 - 3*p**4/8 - 5*p**3/6 + p**2 - 34. Give g(5).
0
Let m(o) = 